323
In base 14, what is 7a + 16c?
208
In base 3, what is -12 + 11010022100221?
11010022100202
In base 10, what is -1467508 + 0?
-1467508
In base 9, what is 14 - 1158322?
-1158307
In base 4, what is 1131320 + -220321?
310333
In base 8, what is -254200 + 7257?
-244721
In base 10, what is -10 + 54291?
54281
In base 12, what is 3b364 - 56?
3b30a
In base 9, what is 17241553 - -47?
17241611
In base 15, what is -571 + 998b?
941a
In base 2, what is 101110100 - -100000100100101?
100001010011001
In base 16, what is -44475 + c4?
-443b1
In base 15, what is 4450693 + 5?
4450698
In base 11, what is 0 - -130496?
130496
In base 11, what is 5 - 4a918a25?
-4a918a20
In base 7, what is 2 + 31236521?
31236523
In base 7, what is -2062150313 + 4?
-2062150306
In base 2, what is -1011000011011010 - 10011101001?
-1011010111000011
In base 5, what is -1 + -104130401424?
-104130401430
In base 16, what is -56b2 - ce8e?
-12540
In base 13, what is -3175b4 - 3c0?
-3179a4
In base 16, what is -4 - a9b693f?
-a9b6943
In base 6, what is -1013523 - 134232?
-1152155
In base 10, what is -1 - 81091384?
-81091385
In base 6, what is 250 - 310352450?
-310352200
In base 6, what is -4 + 144004343?
144004335
In base 14, what is 16667d57 + -1?
16667d56
In base 8, what is 3004235 + -422?
3003613
In base 10, what is 4 - 6843261?
-6843257
In base 11, what is -3124 - 1575?
-4699
In base 8, what is 426067 - -2341?
430430
In base 15, what is -14718c - -7?
-147185
In base 14, what is -2a02 - -5910?
2d0c
In base 2, what is 100011000101000 - 100011010?
100010100001110
In base 13, what is -165c5 + 1538?
-1508a
In base 3, what is 2121101001200121 - 2?
2121101001200112
In base 12, what is -b3 + 16649a?
1663a7
In base 6, what is 4 - -12522024?
12522032
In base 6, what is 115 - 10541554?
-10541435
In base 5, what is -4404 + 443243?
433334
In base 13, what is 951c8 + 292?
9548a
In base 6, what is -43551152502 + 3?
-43551152455
In base 3, what is -201120222121220 + -21?
-201120222122011
In base 15, what is -358e + d50?
-273e
In base 8, what is -17512 - -3055?
-14435
In base 8, what is 5554 - 10664?
-3110
In base 10, what is 6604371 + 0?
6604371
In base 14, what is 4 - 29a2a92?
-29a2a8c
In base 4, what is 212132321 + 11333?
212210320
In base 15, what is -2 + 1569579?
1569577
In base 5, what is -31 - -103431332002?
103431331421
In base 6, what is 15540523 + -13402?
15523121
In base 12, what is -3421988b - -3?
-34219888
In base 9, what is -2 - -4413730?
4413727
In base 15, what is 565 + -109e?
-a39
In base 2, what is -110111001010 - 100101001?
-111011110011
In base 4, what is -31231111022021 + 10?
-31231111022011
In base 13, what is 1385b9 - -1a?
138606
In base 5, what is 23301 - 1324410?
-1301104
In base 14, what is 751 + 3bdb?
454c
In base 5, what is 2210 + -11242232?
-11240022
In base 12, what is -13193 + 578?
-12817
In base 7, what is -352 + -4331640?
-4332322
In base 8, what is 352 - 150777?
-150425
In base 3, what is 1001202 - -10010222200?
10012001102
In base 2, what is -10010110110 + -1000001110000001?
-1000100000110111
In base 16, what is -5eb4be - 8?
-5eb4c6
In base 8, what is 10413 - -32220?
42633
In base 13, what is 2c867 - -916?
30480
In base 5, what is 14142401213 + -1?
14142401212
In base 13, what is 1 - 1867bb7?
-1867bb6
In base 15, what is -377e - 1e886?
-23115
In base 3, what is -1100111 - 211210?
-2012021
In base 9, what is -78 + 8768210?
8768121
In base 3, what is 21102112122 - 1001100?
21101111022
In base 2, what is 1011100 + 11011111101101101?
11011111111001001
In base 13, what is -1 - 4c1035a?
-4c1035b
In base 3, what is -2 - 10122021122110?
-10122021122112
In base 6, what is -4203510055 - -11?
-4203510044
In base 15, what is 98 + 1026be?
102767
In base 6, what is -43123 + 100?
-43023
In base 12, what is 3 + -69551575?
-69551572
In base 16, what is 2474f + 69?
247b8
In base 10, what is 4856 + -2076?
2780
In base 12, what is -2237ba7 - 3?
-2237baa
In base 6, what is 43 - 402501030?
-402500543
In base 2, what is -1110001101110000 - -1101001?
-1110001100000111
In base 11, what is 4982315 - -15?
498232a
In base 15, what is -203c3 + -178?
-2054b
In base 11, what is 2974 + -17556?
-14692
In base 13, what is -5acb35 + 0?
-5acb35
In base 5, what is 332 + 22104341?
22110223
In base 4, what is 3 - -12033100033133?
12033100033202
In base 14, what is 5d - 293a8?
-29349
In base 4, what is -121113130200 + 100?
-121113130100
In base 9, what is -3386 - -11565?
7168
In base 4, what is -1130 + -100301302100?
-100301303230
In base 14, what is -3483c - -92?
-3478a
In base 15, what is 4a + 884e?
8899
In base 11, what is -6267 + 72259?
66aa2
In base 3, what is 102200 + 10120010221?
10120120121
In base 4, what is 33 + 13231220302?
13231221001
In base 15, what is 1c7d + 8d53?
aad1
In base 9, what is -276213 + 176?
-276026
In base 8, what is -36571241 + -1?
-36571242
In base 2, what is 1011 + -1000111101010111110101?
-1000111101010111101010
In base 6, what is 10431 + -114515?
-104044
In base 7, what is 53301356 - -11?
53301400
In base 5, what is 24012 - -43003023?
43032040
In base 15, what is -2 - 1c8c6570?
-1c8c6572
In base 8, what is -6154 + 625?
-5327
In base 13, what is 27ccc7 + 16?
280010
In base 16, what is -415ceb8 - 1b?
-415ced3
In base 15, what is 6 + 1d0d207?
1d0d20d
In base 14, what is 53233ac - -1?
53233ad
In base 16, what is -95 + 2cd48b?
2cd3f6
In base 6, what is 12420 + -10014332?
-10001512
In base 7, what is -21261251 + 23?
-21261225
In base 7, what is -12 + -4664652?
-4664664
In base 7, what is 62653051 + -53?
62652665
In base 9, what is -6346707 + -217?
-6347025
In base 13, what is 7 - 5010734?
-501072a
In base 10, what is 706682 + 0?
706682
In base 10, what is 114851 + 513?
115364
In base 2, what is 101101111000001011011 - -1001?
101101111000001100100
In base 12, what is 31188 + -bb17?
21271
In base 3, what is -12 + -22102021110222?
-22102021111011
In base 13, what is 1 + 112030b?
112030c
In base 10, what is 8 - -39337870?
39337878
In base 4, what is -31311111320 + -2110?
-31311120030
In base 9, what is -2684 - 32371?
-35165
In base 16, what is -2 - -144f51b?
144f519
In base 15, what is -33 + -94d?
-981
In base 7, what is 5 + -464552?
-464544
In base 14, what is 9bb6 + 5893?
11669
In base 15, what is 86b2 + -2011?
66a1
In base 9, what is 602447 - 843?
601504
In base 8, what is -72063 + 213?
-71650
In base 12, what is 0 + 22415b62?
22415b62
In base 16, what is 1ad + 3451?
35fe
In base 9, what is 6 - -4036305?
4036312
In base 12, what is -4 - -2837324?
2837320
In base 4, what is -1033 - -21200031?
21132332
In base 8, what is 12121 + -3275?
6624
In base 4, what is -131 - 31321213100?
-31321213231
In base 8, what is -10601 - 1012?
-11613
In base 15, what is a5e8477 - 1?
a5e8476
In base 11, what is 141735 - 1281?
140464
In base 16, what is 1e8cda + -1?
1e8cd9
In base 16, what is 1e9d426 + -2?
1e9d424
In base 10, what is -26521 - -255?
-26266
In base 6, what is 334 + 4100512?
4101250
In base 15, what is 3110 - -6c1?
37d1
In base 11, what is -2a8042 - -622?
-2a7520
In base 5, what is 23343442 - 2102?
23341340
In base 13, what is -8c08 + -1aab?
-a9b6
In base 10, what is -1250206 - -161?
-1250045
In base 16, what is 62 - -ee25c?
ee2be
In base 16, what is -c7aea + -c9?
-c7bb3
In base 3, what is 111011002020112 - 1220?
111011002011122
In base 6, what is 311003112 + 5?
311003121
In base 14, what is 6 - 33813?
-3380b
In base 15, what is 1b489 + c?
1b496
In base 3, what is 20210002 - 2012120?
11120112
In base 2, what is -111001010110011110 - -11101110?
-111001010010110000
In base 4, what is 222302200112 - 3?
222302200103
In base 7, what is 2012 - -20144?
22156
In base 11, what is -7a15 + 48a?
-7536
In base 13, what is 20ba - -c17?
3004
In base 16, what is 0 - 45bc05?
-45bc05
In base 7, what is 0 + 44201026?
44201026
In base 15, what is -8dbcb56 - 1?
-8dbcb57
In base 6, what is -145215 + -10353?
-200012
In base 13, what is 37 - 101220?
-1011b6
In base 6, what is 4350055 + -233?
4345422
In base 11, what is 2 - 1543401?
-15433aa
In base 5, what is -10 - 21320033104?
-21320033114
In base 13, what is -47328b - 128?
-4733b6
In base 13, what is 26289 - 1c7?
26092
In base 15, what is 768e - -30a?
7999
In base 7, what is 4 + 33406635?
33406642
In base 16, what is 14f6 - -31c7?
46bd
In base 14, what is -5bac8 + 